{"id":96,"date":"2022-11-21T14:45:31","date_gmt":"2022-11-21T13:45:31","guid":{"rendered":"http:\/\/decroly.flowzit.com\/?page_id=96"},"modified":"2026-02-11T08:04:03","modified_gmt":"2026-02-11T08:04:03","slug":"nos-options","status":"publish","type":"page","link":"https:\/\/www.ecoledecroly.be\/index.php\/nos-options\/","title":{"rendered":"Nos options"},"content":{"rendered":"\n<p class=\"has-black-color has-text-color\" style=\"font-size:14px\">Activit\u00e9s compl\u00e9mentaires au choix 8<sup>\u00e8me<\/sup><\/p>\n\n\n\n<figure class=\"wp-block-image size-full is-resized\"><a href=\"https:\/\/www.ecoledecroly.be\/wp-content\/uploads\/2026\/02\/activites-compl-8-26-27.pdf\" target=\"_blank\" rel=\"https:\/\/www.ecoledecroly.be\/wp-content\/uploads\/2023\/04\/8e.pdf noreferrer noopener\"><img loading=\"lazy\" decoding=\"async\" width=\"300\" height=\"296\" src=\"https:\/\/www.ecoledecroly.be\/wp-content\/uploads\/2022\/11\/logo-pdf.png\" alt=\"\" class=\"wp-image-92\" style=\"width:50px;height:50px\"\/><\/a><\/figure>\n\n\n\n<p class=\"has-black-color has-text-color\" style=\"font-size:14px\">Option 9 &#8211; 10 <sup>\u00e8me<\/sup><\/p>\n\n\n\n<figure class=\"wp-block-image size-full is-resized\"><a href=\"https:\/\/www.ecoledecroly.be\/wp-content\/uploads\/2026\/02\/26-27-Options-9e.pdf\" target=\"_blank\" rel=\" noreferrer noopener\"><img loading=\"lazy\" decoding=\"async\" width=\"300\" height=\"296\" src=\"https:\/\/www.ecoledecroly.be\/wp-content\/uploads\/2022\/11\/logo-pdf.png\" alt=\"\" class=\"wp-image-92\" style=\"width:50px;height:55px\"\/><\/a><\/figure>\n\n\n\n<p class=\"has-black-color has-text-color\" style=\"font-size:14px\">Option 11 &#8211; 12<sup> \u00e8me<\/sup><\/p>\n\n\n\n<figure class=\"wp-block-image size-full is-resized\"><a href=\"https:\/\/www.ecoledecroly.be\/wp-content\/uploads\/2026\/02\/26-27-options-11-12.pdf\" target=\"_blank\" rel=\" noreferrer noopener\"><img loading=\"lazy\" decoding=\"async\" width=\"300\" height=\"296\" src=\"https:\/\/www.ecoledecroly.be\/wp-content\/uploads\/2022\/11\/logo-pdf.png\" alt=\"\" class=\"wp-image-92\" style=\"width:50px;height:55px\"\/><\/a><\/figure>\n\n\n\n<div style=\"height:30px\" aria-hidden=\"true\" class=\"wp-block-spacer\"><\/div>\n\n\n\n<p><\/p>\n\n\n\n<div class=\"carousel-slider-outer carousel-slider-outer-image-carousel carousel-slider-outer-2383\" style=\"--carousel-slider-nav-color:#f1f1f1;--carousel-slider-active-nav-color:#00d1b2;--carousel-slider-arrow-size:48px;--carousel-slider-bullet-size:10px\">\n<div id=\"&#039;id-2383\" class=\"carousel-slider carousel-slider-2383 arrows-visibility-hover dots-visibility-never arrows-outside dots-center dots-circle owl-carousel\" data-slide-type=\"image-carousel\" data-owl-settings='{\"nav\":true,\"dots\":false,\"slideBy\":1,\"stagePadding\":0,\"margin\":10,\"loop\":true,\"lazyLoad\":false,\"autoplay\":false,\"autoplayTimeout\":5000,\"autoplaySpeed\":500,\"autoplayHoverPause\":false,\"autoWidth\":false,\"responsive\":{\"300\":{\"items\":1},\"576\":{\"items\":1},\"768\":{\"items\":1},\"1024\":{\"items\":1},\"1280\":{\"items\":1},\"1536\":{\"items\":1}}}'>\n<div class=\"carousel-slider__item\">\n\t<a class=\"magnific-popup\" href=\"https:\/\/www.ecoledecroly.be\/wp-content\/uploads\/2023\/11\/mars-rotated.jpeg\" data-width=\"1882\" data-height=\"1120\"><img loading=\"lazy\" decoding=\"async\" width=\"640\" height=\"381\" src=\"https:\/\/www.ecoledecroly.be\/wp-content\/uploads\/2023\/11\/mars-768x457.jpeg\" class=\"attachment-medium_large size-medium_large\" alt=\"\" srcset=\"https:\/\/www.ecoledecroly.be\/wp-content\/uploads\/2023\/11\/mars-768x457.jpeg 768w, https:\/\/www.ecoledecroly.be\/wp-content\/uploads\/2023\/11\/mars-300x179.jpeg 300w, https:\/\/www.ecoledecroly.be\/wp-content\/uploads\/2023\/11\/mars-1024x609.jpeg 1024w, https:\/\/www.ecoledecroly.be\/wp-content\/uploads\/2023\/11\/mars-1536x914.jpeg 1536w, https:\/\/www.ecoledecroly.be\/wp-content\/uploads\/2023\/11\/mars-rotated.jpeg 1882w\" sizes=\"auto, (max-width: 640px) 100vw, 640px\" \/><div class=\"carousel-slider__caption\"><p class=\"caption\"><\/p><\/div><\/a><\/div>\n\n<\/div><!-- .carousel-slider-2383 -->\n<\/div><!-- .carousel-slider-outer-2383 -->\n\n","protected":false},"excerpt":{"rendered":"<p>Activit\u00e9s compl\u00e9mentaires au choix 8\u00e8me Option 9 &#8211; 10 \u00e8me Option 11 &#8211; 12 \u00e8me<\/p>\n","protected":false},"author":3,"featured_media":0,"parent":0,"menu_order":0,"comment_status":"closed","ping_status":"closed","template":"","meta":{"sfsi_plus_gutenberg_text_before_share":"","sfsi_plus_gutenberg_show_text_before_share":"","sfsi_plus_gutenberg_icon_type":"","sfsi_plus_gutenberg_icon_alignemt":"","sfsi_plus_gutenburg_max_per_row":"","footnotes":""},"class_list":["post-96","page","type-page","status-publish","hentry"],"_links":{"self":[{"href":"https:\/\/www.ecoledecroly.be\/index.php\/wp-json\/wp\/v2\/pages\/96","targetHints":{"allow":["GET"]}}],"collection":[{"href":"https:\/\/www.ecoledecroly.be\/index.php\/wp-json\/wp\/v2\/pages"}],"about":[{"href":"https:\/\/www.ecoledecroly.be\/index.php\/wp-json\/wp\/v2\/types\/page"}],"author":[{"embeddable":true,"href":"https:\/\/www.ecoledecroly.be\/index.php\/wp-json\/wp\/v2\/users\/3"}],"replies":[{"embeddable":true,"href":"https:\/\/www.ecoledecroly.be\/index.php\/wp-json\/wp\/v2\/comments?post=96"}],"version-history":[{"count":11,"href":"https:\/\/www.ecoledecroly.be\/index.php\/wp-json\/wp\/v2\/pages\/96\/revisions"}],"predecessor-version":[{"id":4425,"href":"https:\/\/www.ecoledecroly.be\/index.php\/wp-json\/wp\/v2\/pages\/96\/revisions\/4425"}],"wp:attachment":[{"href":"https:\/\/www.ecoledecroly.be\/index.php\/wp-json\/wp\/v2\/media?parent=96"}],"curies":[{"name":"wp","href":"https:\/\/api.w.org\/{rel}","templated":true}]}}