{"id":91,"date":"2022-11-21T14:27:10","date_gmt":"2022-11-21T13:27:10","guid":{"rendered":"http:\/\/decroly.flowzit.com\/?page_id=91"},"modified":"2024-07-05T08:07:33","modified_gmt":"2024-07-05T08:07:33","slug":"la-garderie","status":"publish","type":"page","link":"https:\/\/www.ecoledecroly.be\/index.php\/la-garderie\/","title":{"rendered":"La garderie"},"content":{"rendered":"\n<p class=\"has-vivid-red-color has-text-color has-link-color wp-elements-1a8aa1fb9c91c753ca852725e3198fe1\"><strong>Les informations d\u00e9taill\u00e9es de la garderie sont sur leur site d\u00e9di\u00e9&nbsp;<a href=\"https:\/\/www.garderiedecroly.be\/\" data-type=\"link\" data-id=\"https:\/\/www.garderiedecroly.be\/\" target=\"_blank\" rel=\"noreferrer noopener\">www.garderidecroly.be<\/a><\/strong><\/p>\n\n\n\n<div class=\"wp-block-columns is-layout-flex wp-container-core-columns-is-layout-9d6595d7 wp-block-columns-is-layout-flex\">\n<div class=\"wp-block-column is-layout-flow wp-block-column-is-layout-flow\"><\/div>\n<\/div>\n\n\n\n<p class=\"has-black-color has-text-color\">l&rsquo;ASBL La Garderie de l&rsquo;Ecole Decroly&nbsp;organise la prise en charge des enfants du jardin d\u2019enfants et de l\u2019\u00e9cole primaire en fin de journ\u00e9e et le mercredi apr\u00e8s-midi. La prise en charge du matin (avant le d\u00e9but des classes) et \u00e0 l\u2019occasion des journ\u00e9es de r\u00e9flexion est assur\u00e9e par l\u2019\u00e9cole.<\/p>\n\n\n\n<p class=\"has-black-color has-text-color\">La garderie est ouverte \u00e0 tous moyennant le paiement de la contribution pr\u00e9vue.<\/p>\n\n\n\n<p class=\"has-black-color has-text-color\">Elle est con\u00e7ue comme un moment de d\u00e9tente : apr\u00e8s l\u2019accueil et le go\u00fbter, les enfants peuvent jouer \u00e0 l\u2019int\u00e9rieur ou au jardin, lire, dessiner, faire du bricolage ou tout simplement se reposer.<\/p>\n\n\n\n<p class=\"has-black-color has-text-color\">Dr\u00e8ve des Gendarmes (pour les primaires), un local calme est mis \u00e0 la disposition des \u00e9l\u00e8ves qui souhaitent se consacrer \u00e0 leurs devoirs ou \u00e0 une activit\u00e9 silencieuse. Cette \u00ab \u00e9tude \u00bb est surveill\u00e9e mais les devoirs ne seront ni assist\u00e9s, ni v\u00e9rifi\u00e9s, ni corrig\u00e9s.&nbsp;<\/p>\n\n\n\n<p class=\"has-black-color has-text-color\">Le mercredi, apr\u00e8s le pique-nique, des activit\u00e9s sont propos\u00e9es avant la collation et le retour des parents.<\/p>\n\n\n\n<p class=\"has-black-color has-text-color\">La garderie est une structure ind\u00e9pendant et autonome mais qui travaille en collaboration avec l&rsquo;\u00e9cole et dans le respect des valeurs et des principes p\u00e9dagoqiques de celle-ci.<\/p>\n\n\n\n<p class=\"has-text-align-left has-black-color has-text-color\"><strong>INSCRIPTIONS<\/strong><br>L\u2019inscription \u00e0 la garderie est d\u00e9sormais obligatoire et sera confirm\u00e9e par le paiement de la participation en fonction de la situation familiale et du choix des modalit\u00e9s de paiement..<br>Le processus d\u2019inscription est repris en d\u00e9tail sur le site : <a href=\"https:\/\/www.garderiedecroly.be\/\" data-type=\"link\" data-id=\"https:\/\/www.garderiedecroly.be\/\">garderiedecroly.be<\/a>.<br>Vous trouverez aussi le formulaire d\u2019inscription et de nombreuses informations.<br>Merci de vous inscrire au plus t\u00f4t afin de nous permettre de recruter le personnel en juste proportion du nombre d\u2019enfants inscrits.<\/p>\n\n\n\n<p class=\"has-black-color has-text-color\"><strong>CONTACTS<\/strong><br>En cas d\u2019urgence ou de retard, vous pouvez joindre les accueillantes sur des GSM d\u2019urgence.<br>Il y a un GSM sur le site de Gendarme et un sur le site de Casalta.<br>Les num\u00e9ros seront affich\u00e9s en d\u00e9but d\u2019ann\u00e9e \u00e0 l\u2019endroit des cartes \u00e0 scanner.<br>Enregistrez-les pr\u00e9cieusement dans votre GSM, ils vous seront utiles le jour o\u00f9 vous devrez contacter les accueillantes sur place pour une urgence concernant votre enfant.<br><br>Ces num\u00e9ros ne sont actifs que pendant les p\u00e9riodes de garderie et ne permettent pas de laisser de message.<\/p>\n\n\n\n<p class=\"has-black-color has-text-color\" style=\"font-size:20px\">Le site : <a href=\"https:\/\/www.garderiedecroly.be\/\">garderiedecroly.be<\/a><\/p>\n","protected":false},"excerpt":{"rendered":"<p>Les informations d\u00e9taill\u00e9es de la garderie sont sur leur site d\u00e9di\u00e9&nbsp;www.garderidecroly.be l&rsquo;ASBL La Garderie de l&rsquo;Ecole Decroly&nbsp;organise la prise en charge des enfants du jardin d\u2019enfants et de l\u2019\u00e9cole primaire en fin de journ\u00e9e et le mercredi apr\u00e8s-midi. La prise en charge du matin (avant le d\u00e9but des classes) et \u00e0 l\u2019occasion des journ\u00e9es de&hellip;<\/p>\n","protected":false},"author":3,"featured_media":0,"parent":0,"menu_order":0,"comment_status":"closed","ping_status":"closed","template":"","meta":{"sfsi_plus_gutenberg_text_before_share":"","sfsi_plus_gutenberg_show_text_before_share":"","sfsi_plus_gutenberg_icon_type":"","sfsi_plus_gutenberg_icon_alignemt":"","sfsi_plus_gutenburg_max_per_row":"","footnotes":""},"class_list":["post-91","page","type-page","status-publish","hentry"],"_links":{"self":[{"href":"https:\/\/www.ecoledecroly.be\/index.php\/wp-json\/wp\/v2\/pages\/91","targetHints":{"allow":["GET"]}}],"collection":[{"href":"https:\/\/www.ecoledecroly.be\/index.php\/wp-json\/wp\/v2\/pages"}],"about":[{"href":"https:\/\/www.ecoledecroly.be\/index.php\/wp-json\/wp\/v2\/types\/page"}],"author":[{"embeddable":true,"href":"https:\/\/www.ecoledecroly.be\/index.php\/wp-json\/wp\/v2\/users\/3"}],"replies":[{"embeddable":true,"href":"https:\/\/www.ecoledecroly.be\/index.php\/wp-json\/wp\/v2\/comments?post=91"}],"version-history":[{"count":24,"href":"https:\/\/www.ecoledecroly.be\/index.php\/wp-json\/wp\/v2\/pages\/91\/revisions"}],"predecessor-version":[{"id":2888,"href":"https:\/\/www.ecoledecroly.be\/index.php\/wp-json\/wp\/v2\/pages\/91\/revisions\/2888"}],"wp:attachment":[{"href":"https:\/\/www.ecoledecroly.be\/index.php\/wp-json\/wp\/v2\/media?parent=91"}],"curies":[{"name":"wp","href":"https:\/\/api.w.org\/{rel}","templated":true}]}}

<p class="has-vivid-red-color has-text-color has-link-color wp-elements-1a8aa1fb9c91c753ca852725e3198fe1"><strong>Les informations détaillées de la garderie sont sur leur site dédié&nbsp;<a href="https://www.garderiedecroly.be/" data-type="link" data-id="https://www.garderiedecroly.be/" target="_blank" rel="noreferrer noopener">www.garderidecroly.be</a></strong></p>



<div class="wp-block-columns is-layout-flex wp-container-core-columns-is-layout-9d6595d7 wp-block-columns-is-layout-flex">
<div class="wp-block-column is-layout-flow wp-block-column-is-layout-flow"></div>
</div>



<p class="has-black-color has-text-color">l&rsquo;ASBL La Garderie de l&rsquo;Ecole Decroly&nbsp;organise la prise en charge des enfants du jardin d’enfants et de l’école primaire en fin de journée et le mercredi après-midi. La prise en charge du matin (avant le début des classes) et à l’occasion des journées de réflexion est assurée par l’école.</p>



<p class="has-black-color has-text-color">La garderie est ouverte à tous moyennant le paiement de la contribution prévue.</p>



<p class="has-black-color has-text-color">Elle est conçue comme un moment de détente : après l’accueil et le goûter, les enfants peuvent jouer à l’intérieur ou au jardin, lire, dessiner, faire du bricolage ou tout simplement se reposer.</p>



<p class="has-black-color has-text-color">Drève des Gendarmes (pour les primaires), un local calme est mis à la disposition des élèves qui souhaitent se consacrer à leurs devoirs ou à une activité silencieuse. Cette « étude » est surveillée mais les devoirs ne seront ni assistés, ni vérifiés, ni corrigés.&nbsp;</p>



<p class="has-black-color has-text-color">Le mercredi, après le pique-nique, des activités sont proposées avant la collation et le retour des parents.</p>



<p class="has-black-color has-text-color">La garderie est une structure indépendant et autonome mais qui travaille en collaboration avec l&rsquo;école et dans le respect des valeurs et des principes pédagoqiques de celle-ci.</p>



<p class="has-text-align-left has-black-color has-text-color"><strong>INSCRIPTIONS</strong><br>L’inscription à la garderie est désormais obligatoire et sera confirmée par le paiement de la participation en fonction de la situation familiale et du choix des modalités de paiement..<br>Le processus d’inscription est repris en détail sur le site : <a href="https://www.garderiedecroly.be/" data-type="link" data-id="https://www.garderiedecroly.be/">garderiedecroly.be</a>.<br>Vous trouverez aussi le formulaire d’inscription et de nombreuses informations.<br>Merci de vous inscrire au plus tôt afin de nous permettre de recruter le personnel en juste proportion du nombre d’enfants inscrits.</p>



<p class="has-black-color has-text-color"><strong>CONTACTS</strong><br>En cas d’urgence ou de retard, vous pouvez joindre les accueillantes sur des GSM d’urgence.<br>Il y a un GSM sur le site de Gendarme et un sur le site de Casalta.<br>Les numéros seront affichés en début d’année à l’endroit des cartes à scanner.<br>Enregistrez-les précieusement dans votre GSM, ils vous seront utiles le jour où vous devrez contacter les accueillantes sur place pour une urgence concernant votre enfant.<br><br>Ces numéros ne sont actifs que pendant les périodes de garderie et ne permettent pas de laisser de message.</p>



<p class="has-black-color has-text-color" style="font-size:20px">Le site : <a href="https://www.garderiedecroly.be/">garderiedecroly.be</a></p>

<p>Les informations détaillées de la garderie sont sur leur site dédié&nbsp;www.garderidecroly.be l&rsquo;ASBL La Garderie de l&rsquo;Ecole Decroly&nbsp;organise la prise en charge des enfants du jardin d’enfants et de l’école primaire en fin de journée et le mercredi après-midi. La prise en charge du matin (avant le début des classes) et à l’occasion des journées de&hellip;</p>
