{"id":3041,"date":"2024-09-05T06:00:23","date_gmt":"2024-09-05T06:00:23","guid":{"rendered":"https:\/\/www.ecoledecroly.be\/?page_id=3041"},"modified":"2025-12-17T11:00:31","modified_gmt":"2025-12-17T11:00:31","slug":"jobs","status":"publish","type":"page","link":"https:\/\/www.ecoledecroly.be\/index.php\/jobs\/","title":{"rendered":"Jobs"},"content":{"rendered":"\n<p><br>L&rsquo;\u00c9cole Decroly secondaire recherche :&nbsp;<\/p>\n\n\n\n<ul class=\"wp-block-list\">\n<li>Un.e professeur.e de n\u00e9erlandais pour un remplacement de 12 h au DS jusqu&rsquo;au 13 f\u00e9vrier minimum. \u00a0<\/li>\n<\/ul>\n\n\n\n<p>Int\u00e9ress\u00e9.e ? Envoyez votre candidature \u00e0&nbsp;<a href=\"mailto:secretariat@ecoledecroly.be\" target=\"_blank\" rel=\"noreferrer noopener\">secretariat@ecoledecroly.be<\/a>&nbsp;<\/p>\n\n\n\n<p><\/p>\n","protected":false},"excerpt":{"rendered":"<p>L&rsquo;\u00c9cole Decroly secondaire recherche :&nbsp; Int\u00e9ress\u00e9.e ? Envoyez votre candidature \u00e0&nbsp;secretariat@ecoledecroly.be&nbsp;<\/p>\n","protected":false},"author":3,"featured_media":0,"parent":0,"menu_order":0,"comment_status":"closed","ping_status":"closed","template":"","meta":{"sfsi_plus_gutenberg_text_before_share":"","sfsi_plus_gutenberg_show_text_before_share":"","sfsi_plus_gutenberg_icon_type":"","sfsi_plus_gutenberg_icon_alignemt":"","sfsi_plus_gutenburg_max_per_row":"","footnotes":""},"class_list":["post-3041","page","type-page","status-publish","hentry"],"_links":{"self":[{"href":"https:\/\/www.ecoledecroly.be\/index.php\/wp-json\/wp\/v2\/pages\/3041","targetHints":{"allow":["GET"]}}],"collection":[{"href":"https:\/\/www.ecoledecroly.be\/index.php\/wp-json\/wp\/v2\/pages"}],"about":[{"href":"https:\/\/www.ecoledecroly.be\/index.php\/wp-json\/wp\/v2\/types\/page"}],"author":[{"embeddable":true,"href":"https:\/\/www.ecoledecroly.be\/index.php\/wp-json\/wp\/v2\/users\/3"}],"replies":[{"embeddable":true,"href":"https:\/\/www.ecoledecroly.be\/index.php\/wp-json\/wp\/v2\/comments?post=3041"}],"version-history":[{"count":11,"href":"https:\/\/www.ecoledecroly.be\/index.php\/wp-json\/wp\/v2\/pages\/3041\/revisions"}],"predecessor-version":[{"id":4347,"href":"https:\/\/www.ecoledecroly.be\/index.php\/wp-json\/wp\/v2\/pages\/3041\/revisions\/4347"}],"wp:attachment":[{"href":"https:\/\/www.ecoledecroly.be\/index.php\/wp-json\/wp\/v2\/media?parent=3041"}],"curies":[{"name":"wp","href":"https:\/\/api.w.org\/{rel}","templated":true}]}}